{"id":4188,"date":"2019-02-12T16:51:36","date_gmt":"2019-02-12T14:51:36","guid":{"rendered":"http:\/\/www.swiatlo.tak.pl\/1\/?page_id=4188"},"modified":"2023-11-09T14:03:04","modified_gmt":"2023-11-09T12:03:04","slug":"home","status":"publish","type":"page","link":"https:\/\/www.swiatlo.tak.pl\/1\/","title":{"rendered":"Home"},"content":{"rendered":"","protected":false},"excerpt":{"rendered":"","protected":false},"author":1,"featured_media":0,"parent":0,"menu_order":0,"comment_status":"closed","ping_status":"closed","template":"","meta":{"footnotes":""},"class_list":["post-4188","page","type-page","status-publish","hentry"],"yoast_head":"<!-- This site is optimized with the Yoast SEO plugin v27.3 - https:\/\/yoast.com\/product\/yoast-seo-wordpress\/ -->\n<title>\u015awiat\u0142o i o\u015bwietlenie - porady, inspiracje<\/title>\n<meta name=\"description\" content=\"Jak skutecznie wykorzysta\u0107 \u015bwiat\u0142o i stworzy\u0107 dobrze o\u015bwietlone we wn\u0119trzach i terenach zewn\u0119trznych.\" \/>\n<meta name=\"robots\" content=\"index, follow, max-snippet:-1, max-image-preview:large, max-video-preview:-1\" \/>\n<link rel=\"canonical\" href=\"https:\/\/www.swiatlo.tak.pl\/1\/\" \/>\n<meta property=\"og:locale\" content=\"pl_PL\" \/>\n<meta property=\"og:type\" content=\"article\" \/>\n<meta property=\"og:title\" content=\"\u015awiat\u0142o i o\u015bwietlenie - porady, inspiracje\" \/>\n<meta property=\"og:description\" content=\"Jak skutecznie wykorzysta\u0107 \u015bwiat\u0142o i stworzy\u0107 dobrze o\u015bwietlone we wn\u0119trzach i terenach zewn\u0119trznych.\" \/>\n<meta property=\"og:url\" content=\"https:\/\/www.swiatlo.tak.pl\/1\/\" \/>\n<meta property=\"og:site_name\" content=\"\u015awiat\u0142o i o\u015bwietlenie\" \/>\n<meta property=\"article:modified_time\" content=\"2023-11-09T12:03:04+00:00\" \/>\n<script type=\"application\/ld+json\" class=\"yoast-schema-graph\">{\"@context\":\"https:\\\/\\\/schema.org\",\"@graph\":[{\"@type\":\"WebPage\",\"@id\":\"https:\\\/\\\/www.swiatlo.tak.pl\\\/1\\\/\",\"url\":\"https:\\\/\\\/www.swiatlo.tak.pl\\\/1\\\/\",\"name\":\"\u015awiat\u0142o i o\u015bwietlenie - porady, inspiracje\",\"isPartOf\":{\"@id\":\"https:\\\/\\\/www.swiatlo.tak.pl\\\/1\\\/#website\"},\"datePublished\":\"2019-02-12T14:51:36+00:00\",\"dateModified\":\"2023-11-09T12:03:04+00:00\",\"description\":\"Jak skutecznie wykorzysta\u0107 \u015bwiat\u0142o i stworzy\u0107 dobrze o\u015bwietlone we wn\u0119trzach i terenach zewn\u0119trznych.\",\"breadcrumb\":{\"@id\":\"https:\\\/\\\/www.swiatlo.tak.pl\\\/1\\\/#breadcrumb\"},\"inLanguage\":\"pl-PL\",\"potentialAction\":[{\"@type\":\"ReadAction\",\"target\":[\"https:\\\/\\\/www.swiatlo.tak.pl\\\/1\\\/\"]}]},{\"@type\":\"BreadcrumbList\",\"@id\":\"https:\\\/\\\/www.swiatlo.tak.pl\\\/1\\\/#breadcrumb\",\"itemListElement\":[{\"@type\":\"ListItem\",\"position\":1,\"name\":\"Home\",\"item\":\"https:\\\/\\\/www.swiatlo.tak.pl\\\/1\\\/\"},{\"@type\":\"ListItem\",\"position\":2,\"name\":\"Home\"}]},{\"@type\":\"WebSite\",\"@id\":\"https:\\\/\\\/www.swiatlo.tak.pl\\\/1\\\/#website\",\"url\":\"https:\\\/\\\/www.swiatlo.tak.pl\\\/1\\\/\",\"name\":\"\u015awiat\u0142o i o\u015bwietlenie\",\"description\":\"&quot;Niechaj si\u0119 stanie \u015bwiat\u0142o\u015b\u0107!&quot; - (Rdz 1,3 BT)\",\"potentialAction\":[{\"@type\":\"SearchAction\",\"target\":{\"@type\":\"EntryPoint\",\"urlTemplate\":\"https:\\\/\\\/www.swiatlo.tak.pl\\\/1\\\/?s={search_term_string}\"},\"query-input\":{\"@type\":\"PropertyValueSpecification\",\"valueRequired\":true,\"valueName\":\"search_term_string\"}}],\"inLanguage\":\"pl-PL\"}]}<\/script>\n<!-- \/ Yoast SEO plugin. -->","yoast_head_json":{"title":"\u015awiat\u0142o i o\u015bwietlenie - porady, inspiracje","description":"Jak skutecznie wykorzysta\u0107 \u015bwiat\u0142o i stworzy\u0107 dobrze o\u015bwietlone we wn\u0119trzach i terenach zewn\u0119trznych.","robots":{"index":"index","follow":"follow","max-snippet":"max-snippet:-1","max-image-preview":"max-image-preview:large","max-video-preview":"max-video-preview:-1"},"canonical":"https:\/\/www.swiatlo.tak.pl\/1\/","og_locale":"pl_PL","og_type":"article","og_title":"\u015awiat\u0142o i o\u015bwietlenie - porady, inspiracje","og_description":"Jak skutecznie wykorzysta\u0107 \u015bwiat\u0142o i stworzy\u0107 dobrze o\u015bwietlone we wn\u0119trzach i terenach zewn\u0119trznych.","og_url":"https:\/\/www.swiatlo.tak.pl\/1\/","og_site_name":"\u015awiat\u0142o i o\u015bwietlenie","article_modified_time":"2023-11-09T12:03:04+00:00","schema":{"@context":"https:\/\/schema.org","@graph":[{"@type":"WebPage","@id":"https:\/\/www.swiatlo.tak.pl\/1\/","url":"https:\/\/www.swiatlo.tak.pl\/1\/","name":"\u015awiat\u0142o i o\u015bwietlenie - porady, inspiracje","isPartOf":{"@id":"https:\/\/www.swiatlo.tak.pl\/1\/#website"},"datePublished":"2019-02-12T14:51:36+00:00","dateModified":"2023-11-09T12:03:04+00:00","description":"Jak skutecznie wykorzysta\u0107 \u015bwiat\u0142o i stworzy\u0107 dobrze o\u015bwietlone we wn\u0119trzach i terenach zewn\u0119trznych.","breadcrumb":{"@id":"https:\/\/www.swiatlo.tak.pl\/1\/#breadcrumb"},"inLanguage":"pl-PL","potentialAction":[{"@type":"ReadAction","target":["https:\/\/www.swiatlo.tak.pl\/1\/"]}]},{"@type":"BreadcrumbList","@id":"https:\/\/www.swiatlo.tak.pl\/1\/#breadcrumb","itemListElement":[{"@type":"ListItem","position":1,"name":"Home","item":"https:\/\/www.swiatlo.tak.pl\/1\/"},{"@type":"ListItem","position":2,"name":"Home"}]},{"@type":"WebSite","@id":"https:\/\/www.swiatlo.tak.pl\/1\/#website","url":"https:\/\/www.swiatlo.tak.pl\/1\/","name":"\u015awiat\u0142o i o\u015bwietlenie","description":"&quot;Niechaj si\u0119 stanie \u015bwiat\u0142o\u015b\u0107!&quot; - (Rdz 1,3 BT)","potentialAction":[{"@type":"SearchAction","target":{"@type":"EntryPoint","urlTemplate":"https:\/\/www.swiatlo.tak.pl\/1\/?s={search_term_string}"},"query-input":{"@type":"PropertyValueSpecification","valueRequired":true,"valueName":"search_term_string"}}],"inLanguage":"pl-PL"}]}},"_links":{"self":[{"href":"https:\/\/www.swiatlo.tak.pl\/1\/index.php\/wp-json\/wp\/v2\/pages\/4188","targetHints":{"allow":["GET"]}}],"collection":[{"href":"https:\/\/www.swiatlo.tak.pl\/1\/index.php\/wp-json\/wp\/v2\/pages"}],"about":[{"href":"https:\/\/www.swiatlo.tak.pl\/1\/index.php\/wp-json\/wp\/v2\/types\/page"}],"author":[{"embeddable":true,"href":"https:\/\/www.swiatlo.tak.pl\/1\/index.php\/wp-json\/wp\/v2\/users\/1"}],"replies":[{"embeddable":true,"href":"https:\/\/www.swiatlo.tak.pl\/1\/index.php\/wp-json\/wp\/v2\/comments?post=4188"}],"version-history":[{"count":1,"href":"https:\/\/www.swiatlo.tak.pl\/1\/index.php\/wp-json\/wp\/v2\/pages\/4188\/revisions"}],"predecessor-version":[{"id":4189,"href":"https:\/\/www.swiatlo.tak.pl\/1\/index.php\/wp-json\/wp\/v2\/pages\/4188\/revisions\/4189"}],"wp:attachment":[{"href":"https:\/\/www.swiatlo.tak.pl\/1\/index.php\/wp-json\/wp\/v2\/media?parent=4188"}],"curies":[{"name":"wp","href":"https:\/\/api.w.org\/{rel}","templated":true}]}}